9. Suppose 4*a + b = -3. What are the prime factors of 7/28 - (a + 487/(-4))?
3, 41
Let x = 71 - 175. Let z be (-10 + x)*(-28)/6. List the prime factors of (0 - (-13)/(-2))/((-38)/z).
7, 13
Suppose 0 = -3*w + 4*s - 11935 + 56547, 14908 = w + 4*s. What are the prime factors of w?
2, 3, 5, 31
Let u(n) be the second derivative of n**5/20 + 11*n**4/12 - n**3/6 - 25*n**2/2 - 3812*n. Let y be (-7 - 0) + 2/(-1). What are the prime factors of u(y)?
2, 73
Let k = 82 - 168. Let o = -60 - k. Suppose -m = o - 65. What are the prime factors of m?
3, 13
Let h(o) = -1194*o + 107. List the prime factors of h(-4).
19, 257
Let v(z) = z**3 - 2*z + 3. Let u(y) = -y**3 + y**2 - y - 3. Let a be u(0). Let r(g) = -g. Let d be r(a). What are the prime factors of v(d)?
2, 3
Let b = 23708 - 12368. What are the prime factors of b?
2, 3, 5, 7
Let s = -16157 - -31042. List the prime factors of s.
5, 13, 229
Let y = 31 - 29. Suppose -5*j + 2*n = -9, 0 = -y*n + 3*n - 3. Suppose -j*u - k = -18, -3*k = -u - 4 + 10. What are the prime factors of u?
2, 3
List the prime factors of -2 + 52344/(-1 + -5)*(-28)/8.
2, 17, 449
List the prime factors of 0/(-30 - -5) + 1*34462.
2, 17231
Suppose 896138 - 4425047 - 433196 = -119*o. What are the prime factors of o?
5, 6659
List the prime factors of (3*-11)/((-258)/257570).
5, 11, 599
Let m = 14 + -6. Suppose -3*y + m*y - 37 = -w, -3*w = y + 1. List the prime factors of 842/y - (2 - (-22)/(-8)).
2, 53
Let s = 86917 + -31400. List the prime factors of s.
7, 11, 103
Suppose 0*u - 477 = -3*u. Let m = u - 270. Let l = 181 + m. What are the prime factors of l?
2, 5, 7
Let o be (-10 - -8) + 1471 + 1. Suppose 0 = -l - 4*l + o. Suppose -l = 10*j - 16*j. What are the prime factors of j?
7
Suppose -13*z - 5 - 8 = 0. Let m be ((-4)/(-10))/(z/(-20)). Suppose m = -u + 23. List the prime factors of u.
3, 5
Let x(h) be the first derivative of -2*h**3/3 - h**2/2 + 316*h - 12. List the prime factors of x(0).
2, 79
Suppose -54*b + 106*b - 63*b = -388113. List the prime factors of b.
3, 19, 619
Let t = -85 - -92. Suppose -t*i + 2*i - 2*a + 1737 = 0, i = 4*a + 343. What are the prime factors of i?
347
Suppose 2*m + 2*q + 94 = 0, 4*q - 14 + 2 = 0. List the prime factors of ((-126)/9)/(4/m).
5, 7
Let s(t) = t**3 + 15*t**2 - 25*t - 106. What are the prime factors of s(15)?
6269
Let t = 68 + -70. List the prime factors of (t + (0 - -31))*714/42.
17, 29
List the prime factors of (93/1)/((-42)/(-3892)).
2, 31, 139
Let p(q) = -7*q + 329. Let l(t) = 4*t - 165. Let m(y) = 5*l(y) + 3*p(y). Suppose 2*d = -3*r, 5*d = -9*r + 5*r. List the prime factors of m(r).
2, 3
Suppose 3*g - 10 = -5*t, 600*g + 2*t - 3 = 599*g. Suppose 0 = 3*r + m - 271, r - 2*r - m = -91. Let i = g + r. What are the prime factors of i?
5, 19
Let f be ((-75)/7)/(-5) + (-3)/21. Suppose -391 = -f*r - 23. What are the prime factors of (-5 - (-39)/6)*r/3?
2, 23
Let s = -7549 - 3686. What are the prime factors of s/(-65) - (-8)/52?
173
Suppose 7*h - 20 = 3*h. Suppose -h*m - 15 = -0, -5*v = 5*m - 1660. List the prime factors of v.
5, 67
Suppose 2*k - k = 3*m - 15, -3 = k. Suppose -h = m*q - 1418, 14*q = 9*q - 5. What are the prime factors of h?
2, 3, 79
Suppose -9*w + 2*w = 42. Let v be (-24)/21*(-3 - (-3)/w). Suppose 5*o - 52 - 515 = 3*i, -440 = -v*o - i. What are the prime factors of o?
3, 37
Let v = 543 - 110. Suppose 3*w = -3*b + 1134, -313 = -2*w + 3*b + v. What are the prime factors of w?
2, 47
Let p = -212 - -221. List the prime factors of 112 + (p - -3)/2.
2, 59
Let r = -309 + 214. List the prime factors of (-2)/(-10) - (-399)/r - -942.
2, 7, 67
Suppose -26 - 4 = -6*p. Let i(s) = 36*s - 74. What are the prime factors of i(p)?
2, 53
List the prime factors of (-897 + -42)*(2/((-2)/3) - 26).
3, 29, 313
Let x = -44 + 49. Suppose 7*t + 2514 = 3*a + 4*t, -x*t = -a + 826. What are the prime factors of a?
29
Let o be ((-768)/60 - -9)/((-1)/55). Suppose 3*d = 6*d. Suppose 10*a - 7*a = 2*b + o, 3*a + 4*b - 203 = d. What are the prime factors of a?
3, 23
Let j be 35/4 + 51/12 + -5. Let s = -24 - j. What are the prime factors of 2 - s/(-12) - 446/(-3)?
2, 37
Suppose 5*w - 3*n = 47, w = n - 0*n + 11. Suppose -3*u - 30 = w*u. What are the prime factors of u/(-6) + (-33)/(-2)?
17
Let y(n) = 13*n**2 - 896*n - 5. What are the prime factors of y(72)?
5, 23
Suppose -4*m + 28 = -4*l, 11*m - 8 = 6*m - 4*l. List the prime factors of 2/((m - -2) + 4512/(-753)).
251
Suppose -2236*r - 924893 = -2255*r + 311532. What are the prime factors of r?
5, 19, 137
Let i(x) = x**2 - 8*x + 3. Let s be i(5). Let c be ((-57)/s)/((-2)/(-16) + 0). Let k = c - -40. List the prime factors of k.
2, 3, 13
Let f be 20/(-11) - (14/77 - 0). Let o = 316 - f. What are the prime factors of o?
2, 3, 53
What are the prime factors of 15/((-1200)/(-3261490)) - (-1 - 20/(-32))?
59, 691
List the prime factors of 608*(126/(-28) - -14).
2, 19
Let l = -28725 + 48059. List the prime factors of l.
2, 7, 1381
Suppose -45*h + 18*h + 19*h + 12600 = 0. What are the prime factors of h?
3, 5, 7
Suppose 953*x - 251548 = 923*x + 958952. What are the prime factors of x?
2, 3, 5, 269
Let u be (-81)/(-15) - (6 - 28/5). Suppose -4*m + u*h + 211 = 0, h = -m - 4*h + 59. What are the prime factors of m?
2, 3
Suppose -76*r = 2*p - 79*r - 41350, -p + 4*r + 20670 = 0. What are the prime factors of p?
2, 7, 211
Let w(k) = -18*k + 16*k**2 + 0*k**3 - 261 + k**3 + 285. Let i be w(-16). Suppose 246 = 4*p + 2*u, 3*p + i = 8*p + u. What are the prime factors of p?
3, 7
Let c(z) = -3*z**2 + 6*z**3 + 18*z**3 - 1351*z + 1359*z - 4. List the prime factors of c(3).
641
Suppose -5*m - 5*p + 40 = 0, 2*p + 1 = 2*m - 3. Suppose -m*v = -2*d - 51 - 5, 0 = -4*d + v - 148. Let a = 123 + d. What are the prime factors of a?
5, 17
Suppose -148*r + 4 = -150*r, 2*q + 4*r = 36548. List the prime factors of q.
2, 13, 19, 37
Suppose -3*z = 5*u - 14, -4*u + 5 + 3 = 4*z. Let h be (-3 - -2)*(-327 + 1). Suppose 0 = -u*x + h + 130. What are the prime factors of x?
2, 3, 19
Let x be (-4)/(12/(-15)) - 9. List the prime factors of 0 + 2 - (x - 373).
379
Suppose -24*i = -23*i + 47. List the prime factors of -47 - i - (2/(-1) + -147).
149
What are the prime factors of (9 + -1)*12332/16?
2, 3083
Let v(q) = -2*q**3 + 60*q**2 - 7*q + 286. What are the prime factors of v(29)?
5, 353
Let l be -43 - (3 + 0 - 6). Let o = l - -34. List the prime factors of (8/o)/((-26)/351).
2, 3
List the prime factors of ((-36972)/6)/(-3 + 1).
3, 13, 79
List the prime factors of ((-1216)/160)/((-14)/61005).
3, 7, 19, 83
Let q(z) = 2*z**2 + 6*z + 9. Let b be q(-2). Suppose 2*l = c - 245 - 352, 2*l + 2993 = b*c. List the prime factors of c.
599
Suppose 0 = 215*j - 50*j - 607365. What are the prime factors of j?
3, 409
What are the prime factors of (-1)/((-671385)/2349165 - (18/(-14) + 1))?
7, 1721
Suppose 16*y + 114 - 18 = 0. What are the prime factors of (-310)/3*((-9)/y)/(-1)?
5, 31
Let z(f) = -2*f - 10. Suppose -4*t + 9*t + 30 = 0. Let d be z(t). Suppose d*j = -p + 34, 2*j - 92 = -3*p - 2*j. What are the prime factors of p?
2, 3
Let v = -26 + -123. Let k = 510 + v. What are the prime factors of k?
19
Suppose 2126*k = -3*n + 2124*k + 170075, 0 = -n + 5*k + 56686. What are the prime factors of n?
3, 6299
Suppose 4*r - 2*r = 248. Let a = r - 50. Suppose -73*y - 161 = -a*y. List the prime factors of y.
7, 23
Let g(w) = 5*w**3 + 17*w**2 + 4*w - 1. Let m be g(-3). Suppose 13 = -m*s + 488. What are the prime factors of s?
5, 19
Suppose 5*j + 3*k - 64998 = 0, 406*j - 408*j + 26004 = 2*k. What are the prime factors of j?
2, 3, 19
Let z(a) = 3*a**3 + 26*a**2 - 13*a + 239. What are the prime factors of z(16)?
3, 5, 11, 23
Let s(q) = 10*q - 1. Let g be s(1). Let m be (-12)/(-18) + 1 + 30/g. Suppose -m*j = -p + 11, 4*p - 3*j - 120 = -2*j. List the prime factors of p.
31
Let a(q) = 93*q**2 - 2*q + 3. Let w be a(2). Suppose -3*k = 241 + w. Let o = k - -287. List the prime factors of o.
83
Let n = -7068 - -11256. Suppose 0 = 57*y - 61*y + n. What are the prime factors of y?
3, 349
Suppose h - 20 = 4*a, -a = h + 2 + 3. Let g be 168 - 1 - -4 - h. Suppose -4*t + g = z, z = -t + 34 + 11. List the prime factors of t.
2, 3, 7
Let l be ((-6)/4)/(6/(-8)). Let c(z) = z**3 + 8*z**2 + 9*z + 1. Let k be c(-1). What are the prime factors of 1/2*k/(l/(-208))?
2, 1